the highest common factor of o and 19?
19
Let n = -13918 + 23810. What is the highest common factor of n and 4?
4
Suppose 2*c + o + 11 = 0, 2*c - o + 23 = -6*o. Let s = c + 49. Let k = -307 + 312. Calculate the greatest common factor of k and s.
5
Let a(r) = -19*r - 96. Let u be a(-22). Suppose q = -t + 2*q + u, -2*t - 2*q + 656 = 0. Calculate the greatest common factor of t and 25.
25
Suppose -2 = 5*v + 5*t - 92, 0 = -4*t - 16. What is the highest common divisor of 2398 and v?
22
Let h(k) = k**2 + 11*k + 9. Let d be h(-11). Suppose -3*u + 27 = -d. Calculate the greatest common factor of 28 and u.
4
Suppose 315 - 111 = 6*z. Suppose -3*b = 12, -x + 167 + 143 = -b. Calculate the greatest common factor of z and x.
34
Let u = -69 + 27. Let z = u + 54. Suppose -2*f - f = z, -2*f - 29 = -3*v. What is the highest common divisor of 21 and v?
7
Let c = 39651 - 25443. Calculate the highest common factor of c and 16.
16
Let m = 13369 - 4693. Calculate the highest common factor of m and 36.
36
Suppose -49*b + 7719 = -366. What is the highest common factor of 1452 and b?
33
Let c = 10 + 20. Suppose -20*q - 240 = -c*q. Calculate the highest common divisor of q and 72.
24
Let f be (156/(-273))/(2/(-7)). Suppose 0 = f*l - 2, -3*w - 4*l = -l - 42. Calculate the highest common divisor of w and 65.
13
Let d be (26717 + -82)*9/15. What is the highest common divisor of d and 21?
21
Suppose 47*n - 7671 = 9*n - 1553. Calculate the highest common factor of n and 20125.
161
Let k = 2152 + -579. Calculate the highest common divisor of k and 143.
143
Let w = 10011 + -9857. Calculate the greatest common divisor of 8162 and w.
154
Let p = -12691 + 12727. What is the greatest common divisor of p and 1746?
18
Let s = 75 - 13. Let v(u) = 52*u + 467. Let g be v(-6). What is the greatest common factor of s and g?
31
Suppose -846*h + 846*h + 5*q = 0, -2*h - 5*q + 11826 = 0. What is the greatest common divisor of h and 297?
27
Suppose 0 = -0*h - 4*h + 2*d - 90, 65 = -2*h + 5*d. Let x = 35 + h. Suppose 8 = -3*c + 5*c - 2*m, m = -4*c + 26. What is the highest common divisor of x and c?
3
Suppose -s - 3 = -4*s. Let f = 222 + 7. Suppose -17*o - 76 = -f. What is the greatest common divisor of s and o?
1
Let z(w) = 1281*w**2 + 41*w - 41. Let y be z(1). What is the greatest common factor of 483 and y?
21
Suppose -4*o = 4*s - 28, -2*o + 5 + 19 = 4*s. Suppose 45 = o*x + x. What is the highest common divisor of 3 and x?
3
Suppose 0*f - m = -3*f + 13, -3*f - 3*m = -21. Suppose 48*r = 43*r + 3*s + 265, 0 = f*r + 4*s - 300. Calculate the greatest common factor of 32 and r.
8
Suppose 4*d - 6*d = 3*j - 32, -2*j = 4*d - 8. What is the greatest common factor of 7 and j?
7
Suppose 81*m + 16*m = -11*m + 8532. Calculate the highest common divisor of 2 and m.
1
Let d = 11278 + -10162. What is the highest common factor of d and 99?
9
Let a be ((934 - 0) + -1)/(32/(114 + -18)). What is the greatest common factor of 4354 and a?
311
Let t = 715 - 202. What is the highest common factor of 270 and t?
27
Suppose 24*w + 19 - 1009 - 42 = 0. What is the highest common factor of w and 4429?
43
Suppose -z = 3*y - 68, -4*z + 2*y + 193 = -65. Let h be -224 + 289 + -1*13. Calculate the greatest common factor of h and z.
13
Let q be 9/135*-5 + (-32)/(-6). Suppose 2*d - 353 - 91 = 4*g + 176, 5*g = 0. What is the greatest common divisor of q and d?
5
Let q = -279 - -167. Let l = 157 + q. Let u(x) = -12956*x + 155482. Let d be u(12). What is the greatest common divisor of l and d?
5
Let i be -21 + 546/21 + 386/2. What is the greatest common divisor of 288 and i?
18
Let r be (-1)/(3/(-84))*(-76)/(-8). Suppose -262*s - 24 = -r*s. Calculate the highest common divisor of 2 and s.
2
Suppose -2*j - 4*y = -3*y + 100, 2*j + 2*y + 98 = 0. Let n = 5 + j. Let f = 14 - n. Calculate the greatest common divisor of 24 and f.
12
Let x = -656 - -3434. Calculate the greatest common factor of x and 6.
6
Let k = 665 + -569. Let n = 40 - 35. Suppose -f - 5 = -v, n*f - 37 - 10 = -4*v. Calculate the greatest common divisor of v and k.
8
Suppose 3*b = 5 + 4, 3*q - 5*b - 156 = 0. Let p = -38 + q. Suppose -p = w - 57. Calculate the highest common factor of 38 and w.
38
Suppose 1238 = 5*a - n, 3*a + 2*n + 747 = 6*a. Suppose 7*x - a = -16. What is the highest common factor of x and 11?
11
Let f(y) = 113*y**2 + 15*y - 2. Let h be f(-1). What is the highest common factor of 6 and h?
6
Let b be 5 + (2 - 0 - 5). Let x = -786 + 868. What is the highest common factor of b and x?
2
Suppose 0 = -5*a + 15*a - 1140. Suppose -3*v = -21*v + 540. What is the highest common divisor of v and a?
6
Let w(z) = -109*z - 230. Suppose 7*q - 4*q + 21 = 0. Let g be w(q). Calculate the highest common divisor of g and 41.
41
Let b be (12750/408)/((-1)/(1 - 17)). Let s be ((b/3)/10)/((-2)/(-6)). What is the greatest common divisor of 275 and s?
25
Let z = 277 + -87. Let k be -76*((-2)/18)/(48/216). What is the highest common factor of k and z?
38
Suppose 2*t - 2414 = -3*v - 419, 0 = t - v - 1005. Suppose t = 4*z - 154. Let n be z/2 + (20/(-8) - -2). Calculate the highest common factor of n and 18.
18
Let w(a) = a**3 - 12*a**2 + 29*a + 44. Let l be w(7). Calculate the greatest common factor of 422 and l.
2
Suppose 3*h - 108 = 324. Let q be (54/4)/((12/(-8) - (0 + 7)) + 9). Calculate the greatest common factor of q and h.
9
Suppose -546*x + 1258717 = -11822351. Calculate the greatest common divisor of x and 18.
18
Suppose 0 = -106*q + 288129 - 228803 + 1262176. What is the greatest common divisor of 91 and q?
91
Let q(j) = j**2 - 14. Let n be q(13). Suppose 0 = 2*o - 3*o + 3*f + 15, 5*o - n = -f. Suppose -o = -3*d - 0*d. What is the highest common factor of d and 25?
5
Let k = 11 - 7. Suppose 35 = k*h - 9. Let u be (4 - 1)/(h/132). What is the greatest common divisor of u and 288?
36
Let k = 130 - 337. Let r be (-8)/18 + (-20378)/k. What is the greatest common divisor of 147 and r?
49
Let x be 45 + -1 + (0/(-3) - -5). Let z = x + -13. What is the highest common divisor of z and 396?
36
Let h = -32 - -34. Suppose 4*y = -5*q + h*q + 32, -5*q - 4*y + 56 = 0. Let w be 0 - 25/(-10)*q. What is the highest common factor of w and 240?
30
Let a be (-2 - -1) + -6 + 185/((-185)/(-14)). Calculate the greatest common divisor of 59 and a.
1
Let k(j) = j**2 - 25*j - 183. Let i be k(31). Let f be i - (-67 - (-3)/(3/5)). Calculate the greatest common divisor of 520 and f.
65
Let q = 3 - 2. Let n be (q/1)/1 - -63. Suppose 93*v + 190 - 934 = 0. What is the highest common divisor of v and n?
8
Let w(f) = 8*f + 479. Let q be w(-11). What is the greatest common divisor of q and 272?
17
Let l(q) = -64*q - 68. Suppose 0 = -c - c - 2*r - 10, 2*r = 2*c + 18. Let v be l(c). What is the greatest common divisor of v and 20?
20
Suppose -44*y - 2*n - 524 = -47*y, -343 = -2*y - 5*n. What is the greatest common factor of 986 and y?
58
Let l be ((-4)/(-6))/(10/15) + -331. Let m = l - -462. Let j = 46 - 34. Calculate the greatest common divisor of j and m.
12
Let r be (-2)/(-4) + (-6)/(-48)*36. Let t(h) = -4*h + 48. Let o be t(r). Calculate the greatest common divisor of 14 and o.
14
Let f(m) = 46*m**2 + 6*m + 3. Suppose -10*q = 8*q + 36. Let l be f(q). What is the greatest common factor of l and 50?
25
Let n(k) = -k**3 + 6*k**2 + 25*k - 38. Let w be n(-7). Suppose -6*s = -17*s + 88. What is the highest common factor of w and s?
8
Suppose c + b = 69, 2*b = 127*c - 130*c + 200. Calculate the highest common factor of 1767 and c.
31
Let v(i) = 1745*i - 3095. Let z be v(7). What is the highest common divisor of z and 228?
228
Let o = 7 + -9. Let x be ((-1)/(-1))/((-3)/366*o). Let v be (-12)/(-42) + x*(-3)/(-21). What is the highest common factor of v and 12?
3
Let x(j) = 3*j**2 + 22*j - 37. Let m be x(13). Calculate the greatest common factor of 28 and m.
28
Let s(b) = b**2 - b + 7. Suppose -z - 3*z = 0. Let v be s(z). Let m be (-16)/(-10)*(-280)/(-16). Calculate the highest common divisor of v and m.
7
Let f(b) = 2*b**2 + 9*b - 89. Let l be f(-19). What is the highest common divisor of l and 1122?
66
Let i(j) = 27*j**2 + 13*j - 72. Let a be i(4). What is the highest common factor of a and 12?
4
Let j = -3152 + 13216. What is the greatest common factor of 408 and j?
136
Let y be -7 + 445/65 - 82/(-26). Sup